{"id":69,"date":"2016-08-15T16:37:05","date_gmt":"2016-08-15T16:37:05","guid":{"rendered":"http:\/\/ip-ka.de\/?page_id=69"},"modified":"2023-10-21T07:13:55","modified_gmt":"2023-10-21T07:13:55","slug":"patentassessor-lang","status":"publish","type":"page","link":"https:\/\/ip-ka.de\/?page_id=69","title":{"rendered":"Lebenslauf"},"content":{"rendered":"<p><img loading=\"lazy\" class=\" wp-image-121 alignright\" src=\"http:\/\/ip-ka.de\/wp-content\/uploads\/2016\/08\/Schmid-3410bweb2cut.jpg\" alt=\"Schmid-3410bweb2cut\" width=\"206\" height=\"634\" srcset=\"https:\/\/ip-ka.de\/wp-content\/uploads\/2016\/08\/Schmid-3410bweb2cut.jpg 1008w, https:\/\/ip-ka.de\/wp-content\/uploads\/2016\/08\/Schmid-3410bweb2cut-768x2360.jpg 768w, https:\/\/ip-ka.de\/wp-content\/uploads\/2016\/08\/Schmid-3410bweb2cut-333x1024.jpg 333w\" sizes=\"(max-width: 206px) 100vw, 206px\" \/><\/p>\n<p style=\"text-align: justify;\"><strong>Johannes Schmid<\/strong> ist deutscher Patentanwalt, zugelassener Vertreter vor dem Europ\u00e4ischen Patentamt (European Patent Attorney) und zugelassener Vertreter vor dem Amt der Europ\u00e4ischen Union f\u00fcr das Geistige Eigentum (European Trademark and Design Attorney). Nach kurzer T\u00e4tigkeit als freiberuflicher Patentanwalt ist er seit Januar 2017 Partner in der renommierten Patentanwaltskanzlei <a href=\"http:\/\/www.durm.de\">Durm Patentanw\u00e4lte<\/a> in Karlsruhe.<\/p>\n<p style=\"text-align: justify;\">Zuvor war er in einer gro\u00dfen Stuttgarter Kanzlei t\u00e4tig, wo er das gesamte Spektrum patentanwaltlicher T\u00e4tigkeiten kennenlernen konnte. Auf technischer Seite besch\u00e4ftigte er sich dabei insbesondere mit Themen aus der Medizintechnik, der Kommunikationstechnik, der allgemeinen Elektrotechnik sowie der Mechanik. In einem zweimonatigen Ausbildungsabschnitt konnte er in der Patentstreitkammer des Landgerichts Mannheim mitarbeiten. Zudem konnte er vor Ablegen der Pr\u00fcfung zum deutschen Patentanwalt (vollbefriedigend) acht Monate am <a href=\"https:\/\/www.dpma.de\/\">Deutschen Patent- und Markenamt (DPMA)<\/a> sowie am <a href=\"http:\/\/www.bpatg.de\">Bundespatentgericht (BPATG)<\/a> Einblick in die Arbeit der deutschen Patentbeh\u00f6rden nehmen. Parallel zur seiner T\u00e4tigkeit in Stuttgart absolvierte Johannes Schmid das Studium \u201eRecht f\u00fcr Patentanw\u00e4lte und Patentanw\u00e4ltinnen\u201c an der Fernuniversit\u00e4t Hagen (vollbefriedigend).<\/p>\n<p style=\"text-align: justify;\">Vorher war Johannes Schmid als wissenschaftlicher Mitarbeiter am <a href=\"https:\/\/www.itiv.kit.edu\/\">Institut f\u00fcr Technik der Informationsverarbeitung (ITIV)<\/a> am Karlsruher Institut f\u00fcr Technologie (KIT) besch\u00e4ftigt, wo er 2012 mit Auszeichnung im Fach Elektrotechnik \u00fcber die ad-hoc Lokalisierung von Personen in drahtlosen Sensornetzwerken promovierte. In dieser Zeit besch\u00e4ftige er sich insbesondere mit drahtlosen Sensornetzwerken, Kommunikationstechnik und Sensorik, konnte jedoch auch an einer Vielzahl weiterer Projekte mitarbeiten und Erfahrungen zu vielf\u00e4ltigen technischen Fragestellungen sammeln. Er ist Autor zahlreicher <a href=\"https:\/\/scholar.google.de\/citations?user=dE4EC9cAAAAJ&amp;hl=de\">wissenschaftlicher Ver\u00f6ffentlichungen<\/a> und war an mehreren Patentanmeldungen beteiligt. W\u00e4hrend seiner Zeit am KIT verbrachte er einen mehrmonatigen Forschungsaufenthalt am <a href=\"https:\/\/www.csail.mit.edu\/\">Computer Science and Artificial Intelligence Lab (CSAIL) am Massachusetts Institute of Technology (MIT)<\/a> in Cambridge, USA.<\/p>\n<p style=\"text-align: justify;\">Zuvor absolvierte Johannes Schmid den Diplomstudiengang Wirtschaftsingenieurwesen an der Universit\u00e4t Karlsruhe mit den Vertiefungsrichtungen Telematik und Mikrosystemtechnik. Studienbegleitend war er jeweils mehrere Monate zu Auslandsaufenthalten in Lyon (Frankreich) und in Lausanne (Schweiz).<\/p>\n<p style=\"text-align: justify;\">Johannes Schmid korrespondiert auf Deutsch, Englisch und Franz\u00f6sisch. Er ist Mitglied der <a href=\"https:\/\/www.patentanwalt.de\/de\/\">Patentanwaltskammer<\/a>, der <a href=\"http:\/\/www.ficpi.org\">Internationalen F\u00f6deration von Patentanw\u00e4lten<\/a> (FICPI), der <a href=\"http:\/\/www.grur.org\">Deutschen Vereinigung f\u00fcr Gewerblichen Rechtsschutz und Urheberrecht<\/a> (GRUR), der <a href=\"https:\/\/www.vpp-patent.de\/\">Vereinigung von Fachleuten des Gewerblichen Rechtsschutzes<\/a> (VPP), des <a href=\"https:\/\/www.bundesverband-patentanwaelte.de\">Bundesverbands Deutscher Patentanw\u00e4lte e.V.<\/a> (BDPA) und des <a href=\"http:\/\/patentepi.com\/de\/\">Instituts der beim Europ\u00e4ischen Patentamt zugelassenen Vertreter<\/a> (epi). Zudem ist er im Editorial Committee des epi t\u00e4tig.<\/p>\n<p><\/p>","protected":false},"excerpt":{"rendered":"<p>Johannes Schmid ist deutscher Patentanwalt, zugelassener Vertreter vor dem Europ\u00e4ischen Patentamt (European Patent Attorney) und zugelassener Vertreter vor dem Amt der Europ\u00e4ischen Union f\u00fcr das Geistige Eigentum (European Trademark and &#8230;<\/p>\n","protected":false},"author":1,"featured_media":0,"parent":0,"menu_order":0,"comment_status":"closed","ping_status":"closed","template":"template-fullwidth.php","meta":[],"_links":{"self":[{"href":"https:\/\/ip-ka.de\/index.php?rest_route=\/wp\/v2\/pages\/69"}],"collection":[{"href":"https:\/\/ip-ka.de\/index.php?rest_route=\/wp\/v2\/pages"}],"about":[{"href":"https:\/\/ip-ka.de\/index.php?rest_route=\/wp\/v2\/types\/page"}],"author":[{"embeddable":true,"href":"https:\/\/ip-ka.de\/index.php?rest_route=\/wp\/v2\/users\/1"}],"replies":[{"embeddable":true,"href":"https:\/\/ip-ka.de\/index.php?rest_route=%2Fwp%2Fv2%2Fcomments&post=69"}],"version-history":[{"count":42,"href":"https:\/\/ip-ka.de\/index.php?rest_route=\/wp\/v2\/pages\/69\/revisions"}],"predecessor-version":[{"id":335,"href":"https:\/\/ip-ka.de\/index.php?rest_route=\/wp\/v2\/pages\/69\/revisions\/335"}],"wp:attachment":[{"href":"https:\/\/ip-ka.de\/index.php?rest_route=%2Fwp%2Fv2%2Fmedia&parent=69"}],"curies":[{"name":"wp","href":"https:\/\/api.w.org\/{rel}","templated":true}]}}